 5*m**2 + 6. Suppose 35 = 3*z + 4*d, -5 = -2*z + d - 0*d. Suppose 5*h + z*g - 5 = 0, -3*g = -4*h - g + 28. List the prime factors of q(h).
2, 3
Suppose -7*z - 31 = -8*z. What are the prime factors of z?
31
Suppose -1 + 11 = y. Let l be (-92)/(-20) + 4/y. Suppose -4*b - l*t + 26 = 0, -2*b + 15 = t - 1. List the prime factors of b.
3
Let b(x) = -x + 11. Let j be b(9). Suppose -6 = -2*d - j*m, -4*d + m = -3*m - 20. Suppose 0*k + d*k - 40 = 0. What are the prime factors of k?
2, 5
Suppose -3*v + 2 = -4*v, -v - 2 = -2*x. Suppose x = 2*s - 6*s + 16. What are the prime factors of s?
2
Let x = -10 + 15. Suppose 10 = x*r + 3*k, -36 = -4*r + 4*k + 4. What are the prime factors of r?
5
Suppose -22 = -5*b - 2. What are the prime factors of (-2 - 2)/(b/(-10))?
2, 5
Suppose 5*d - 29 = -p, 8 - 25 = 2*p - 5*d. Suppose p*k - 35 = -k. What are the prime factors of k?
7
Let i = 34 + -22. Suppose i = 4*g - 100. What are the prime factors of g?
2, 7
Let i be (4 + -8)*-9 - 3. Suppose -9*h + 10*h - i = 0. List the prime factors of h.
3, 11
What are the prime factors of 54/((-2)/8*-4)?
2, 3
Suppose 3*h + 73 - 9 = a, 4*a = -5*h + 205. List the prime factors of a.
5, 11
Let z(m) = -9*m + 7. Let n(r) = 8*r - 6. Let x(c) = -5*n(c) - 4*z(c). What are the prime factors of x(-6)?
2, 13
Let j be 0/(4 - 1)*1. List the prime factors of (-2)/4*j + 7.
7
Suppose -4*x + 0*x = -3*c + 7, -5*x = -5*c + 15. What are the prime factors of ((-12)/c)/((-6)/20)?
2
Let u(r) = -r**2 - 3*r + 3. Let i(v) = v + 1. Let j(c) = -3*i(c) - u(c). Let q be (-8)/(-2 - 0) + 1. List the prime factors of j(q).
19
Suppose -18 = -4*l + 2*l. List the prime factors of l.
3
Let z = 36 + -4. Suppose a = -a + z. List the prime factors of a.
2
Let p = -27 + 15. Let b = p + 17. Suppose w - 37 = -0*w + b*n, 0 = w + n - 7. What are the prime factors of w?
2, 3
Let x = 0 + -2. Let q = x - -6. What are the prime factors of q?
2
Let x(h) be the first derivative of -1 + 1/2*h**2 + 2*h + h**3. List the prime factors of x(-2).
2, 3
List the prime factors of 13*1*1/((-2)/(-26)).
13
Suppose 2*x - 1234 = -4*p + 4*x, -2*x = 5*p - 1520. List the prime factors of p.
2, 3, 17
Suppose 0 = 2*a + y + 3*y + 24, -4*a - 48 = -5*y. Let f = -8 - a. List the prime factors of f.
2
Suppose -3*r - 6 = -r. List the prime factors of -1 + (0 - (r - 7)).
3
Let r = -1 - 2. What are the prime factors of 1*-10*(r + 2)?
2, 5
Let z(x) = -3*x**2 - x**2 + 4*x - 5*x - x**3 - 3 + 0*x**3. What are the prime factors of z(-5)?
3
Suppose 5*d + 2*y - 140 = d, 5*d = 4*y + 201. List the prime factors of d.
37
Suppose -6 = f + f. Let c = 2 - f. List the prime factors of c.
5
Suppose 4*y - 18 = -2. Let z(u) = -u**3 + 3*u**2 + 7*u - 6. Let n be z(y). What are the prime factors of 2 + (n - 0/2)?
2
Suppose -4*d + 4*c - 4 = 0, 9 + 1 = -d + 4*c. Let b be (d - 0)/(2/6). Suppose b*u - 45 = u. List the prime factors of u.
3
Let t = 198 + -133. List the prime factors of t.
5, 13
Let o(d) = 4*d. What are the prime factors of o(1)?
2
Suppose 4 - 1 = t. Let n be (1 - t/(-3)) + -11. Let z = n + 13. List the prime factors of z.
2
Suppose -72 = -2*b + 56. What are the prime factors of b?
2
Suppose 0 = 7*o - 10*o + 57. Let b = o - -15. List the prime factors of b.
2, 17
Suppose k + 3*m = -3, -5*m - 5 - 2 = k. Let x(r) = 2*r**k - 3*r**3 - 1 + 5*r**3. List the prime factors of x(1).
3
Let b = 16 + -22. Let p(f) = -4*f - 1. What are the prime factors of p(b)?
23
Let h(y) = -3*y. Suppose -3*t + 0 = -2*z + 6, -4 = 2*t - 4*z. List the prime factors of h(t).
2, 3
Suppose 3*c - 168 = 5*d + 2*c, -d - 3*c - 24 = 0. Let y = d - -58. List the prime factors of y.
5
Let h be 4 + (3 - 1 - 2). Let t be h/(16/(-6))*14. List the prime factors of (-108)/(-14) + (-6)/t.
2
Let f = 6 - 14. Let i(l) = -l**2 - 11*l - 4. Let s be i(f). Suppose -3*n - 5 = -s. List the prime factors of n.
5
Suppose 3*l + 2*l = 25. Let y(v) = v**3 - v + 70. Let n be y(0). Suppose -2*d + 4*p + 30 = 0, 3*p = 4*d + l*p - n. List the prime factors of d.
17
Suppose 0 = 3*i - i - 96. List the prime factors of i.
2, 3
Let q(p) = -p**2 + 7*p + 8. Let u be q(8). Suppose -17 = -j - 5*b + 2, u = 2*b - 6. List the prime factors of j.
2
Suppose -4*c - 124 = -2*d, 0 = -0*d + d - 3*c - 62. What are the prime factors of d?
2, 31
Let b be -2 - ((2 - 4) + 0). Suppose b = -4*r + 5*r. List the prime factors of (r + -2)/(4/(-14)).
7
Suppose -198 = -4*r + 110. What are the prime factors of r?
7, 11
Let n(j) = 4*j + 3*j**2 - 1 - 4*j. Let x be n(-1). Suppose s - 15 = -x. List the prime factors of s.
13
Suppose -99 + 285 = 3*g. What are the prime factors of g?
2, 31
Suppose 20 = -3*f + 8*f. Let b(r) = -r**3 + 6*r**2 - 4*r - 5. Let o be b(f). Let d = o + -4. What are the prime factors of d?
7
Let u(y) = y**2 + 5*y - 10. Let s(j) = j**3 + 10*j**2 + 9*j - 10. Let h be s(-9). List the prime factors of u(h).
2, 5
Suppose 0 = -5*b + w + 1, 5*w + 5 = -3*b - b. Let h = 4 + -2. Let c = h + b. List the prime factors of c.
2
Let i = 19 + 45. List the prime factors of i.
2
Suppose -5*p + 50 = 5*m, 0 = 3*m + m - 2*p - 10. Suppose -6*o + o = 2*d - 17, -5*d + m = 0. Suppose o*x + 8 = 32. List the prime factors of x.
2
Let h(j) = 23*j**2 - 5*j - 2. Let f be h(-3). Suppose 0*g = 5*g - f. Suppose -4*m + 4 = -2*t, -t + 5*m - g = -5*t. List the prime factors of t.
2, 3
Let r(c) = c**2 - 9*c - 1. Let l be (-2)/(-8) - 31/(-4). Let p be r(l). Let u(g) = -g**3 - 10*g**2 - 9*g + 6. List the prime factors of u(p).
2, 3
Suppose 0 = -5*z + 15 + 5. Let g(a) = 5 - a + 3*a**3 - z*a**3 - a**2 + 2. List the prime factors of g(0).
7
Suppose f - 6 = 2. Let r be f/(-36) + (-25)/9. Let h(a) = 2*a**2 + 2*a - 3. What are the prime factors of h(r)?
3
Let o = -4 + 35. List the prime factors of o.
31
Let m = -60 - -30. Let z = -12 - m. List the prime factors of z.
2, 3
Let v(f) = 18*f**3 - f - 1. Let j be 0 + (2 - 1)*-1. Let m be v(j). What are the prime factors of 4/18 + (-50)/m?
3
Suppose w = 1 + 3. Suppose 2*g = -3*g - p + 121, -16 = w*p. Suppose 2*b - g = -3. List the prime factors of b.
11
Let y(n) = -2*n**3 - 2*n**2 + 6*n + 2. What are the prime factors of y(-4)?
2, 37
What are the prime factors of 24 + (16/4 - 1)?
3
Let d(o) = -2*o - 5. Suppose -5 + 25 = -5*n. Let r be d(n). List the prime factors of 118/10 + r/15.
2, 3
Let k(w) = -w. Let a(g) = -5*g - 5. Let i(c) = a(c) - 3*k(c). What are the prime factors of i(-11)?
17
Suppose 4*n + u - 158 = 0, 124 = 4*n + 5*u - 42. Suppose -4*a + 7*a = n. What are the prime factors of a?
13
Let t be (-3 + -2)/(2 + -3). Suppose 0 = -t*k + 43 + 47. List the prime factors of k.
2, 3
Suppose -1 = -2*q + 3. Suppose v = -q*v + 138. Suppose -2*u - v = -5*a, -3*a - 2*u = -3*u - 28. List the prime factors of a.
2, 5
What are the prime factors of 4 - 7/(14/(-6))?
7
Let d be 857/5 - 2/5. Suppose -41 = 5*b - d. Let j = b + -15. List the prime factors of j.
11
Suppose -4*n - 128 + 36 = -4*v, 3*v - 99 = -3*n. What are the prime factors of v?
2, 7
Let a(z) = -z**2 + 13*z + 6. What are the prime factors of a(8)?
2, 23
Suppose -3*s - 15 = -8*s. Let o be (-2)/(-3) + 93/9. Let z = o - s. What are the prime factors of z?
2
Suppose 5*n = 4*r - 27, -3*n + 0 - 6 = r. Suppose 3*k + 26 = 5*a, -r*a + 2 = -5*k - 68. Let s = -9 - k. What are the prime factors of s?
2
Suppose h = 2*g - 7, 0 = 6*g - g + 3*h - 34. Let y(q) = 12*q + q + q + g*q - 1. What are the prime factors of y(1)?
2, 3
Let h = 81 - 65. List the prime factors of h.
2
What are the prime factors of (-120 + 2)/(-2) - (-1 + 5)?
5, 11
Let f = 29 + -7. Suppose -q + s - 8 = -4*q, 5*q = -s + 14. Suppose q*c - 5 = -2*c, 3*h - f = -c. List the prime factors of h.
7
Let o(m) = 13*m + 50. What are the prime factors of o(11)?
193
List the prime factors of 0 + -3 + (3 - 4) + 95.
7, 13
Let z be (3 + 1)*(-5)/(-4). Suppose -c = -z*c - 44. Let l = -2 - c. What are the prime factors of l?
3
Let l be (-5)/((-15)/(-24)) - 3. Suppose -42 = -2*i - 10. Let y = i + l. What are the prime factors of y?
5
Let b(y) = 3*y**3 - 8*y**2 + 7*y + 4. What are the prime factors of b(5)?
2, 107
Let c(y) = 15*y**2 - 3*y + 2. Let r be c(2). Let g be 3/(6/r) + -2. Let q = -13 + g. What are the prime factors of q?
13
Let o = -307 + 457. List the prime factors of o.
2, 3, 5
List the prime factors of -4 - (-39 - 6/(-3)).
3, 11
Let x(v) = v**2 